?
6
Suppose 6*g = 11*g - 20. Suppose -g*w + 8*w = 12. What is the units digit of w?
3
Let h(i) = -7*i**2 + 7*i - 7. Let g(u) = -10*u**2 + 10*u - 10. Let l(r) = -5*g(r) + 7*h(r). Let b be l(-2). Suppose b = 2*d - 5. What is the units digit of d?
6
Let h = 4 - 4. Suppose h = -m + 4*m - 51. Suppose -3*y = -7 - m. What is the units digit of y?
8
Suppose 0*f - 5*f + 52 = u, 0 = -3*f + 12. What is the units digit of u?
2
Let m = 99 + 165. What is the hundreds digit of m?
2
Let p(j) = 5*j**3 - j**2 - 3*j - 4. What is the units digit of p(3)?
3
Suppose -90 = -9*p + 72. What is the tens digit of p?
1
Suppose 8*u + 671 = 3999. What is the tens digit of u?
1
Let t(p) = -3*p. Let s be t(2). Let f = 8 - s. What is the units digit of f?
4
Suppose m - 22 = 131. What is the tens digit of m?
5
Suppose 5*c = -2*h + 158, -2*h - 5 + 3 = 0. What is the tens digit of (1 + c/(-20))*-45?
2
Let v(s) = -10*s + 10. What is the tens digit of v(-4)?
5
Suppose -2*m + x + 32 = 2*x, -2*m + 5*x + 32 = 0. What is the units digit of m?
6
What is the units digit of (78/(-65))/((-131)/130 - -1)?
6
Let r(m) = m**3 + 6*m**2 + 3. Let d be r(-6). Suppose -4*b - d*p = -17, 4*b = 4*p - p + 23. What is the units digit of b?
5
Let n(d) = -d**3 - 5*d**2 - 2*d - 5. Let q be n(-5). Suppose -5*k - 3*y + 60 = 0, 65 - 5 = q*k + 2*y. What is the tens digit of k?
1
Let c(q) = q**2 + 6*q + 12. Suppose 62 - 22 = -5*x. What is the units digit of c(x)?
8
What is the tens digit of 9*((-40)/(-6) + -1)?
5
Let j(b) = b**3 + 14*b**2 + 10*b + 8. What is the units digit of j(-13)?
7
Suppose 0 = 3*b - y - 921, -1543 = -5*b - 0*b - y. What is the hundreds digit of b?
3
Suppose c + 0*c - 14 = 0. What is the tens digit of c?
1
Let r = 46 + -128. What is the tens digit of r/(-4) - (-1)/2?
2
Let a(q) = -2*q**2 - 2*q - 1. Let r be a(-1). Let m be r + 0 - (-9 - 2). What is the units digit of ((-36)/m)/((-3)/10)?
2
Let u(a) = a**2 - 3*a + 3. Let f be u(-3). Suppose 5*s - f = 4. Suppose p - 18 = -5*o, 0 = -0*o + 5*o - s*p. What is the units digit of o?
3
Let q(b) be the second derivative of b**3/2 - 25*b**2/2 + b. What is the units digit of q(10)?
5
Suppose -8 = -4*a, 4*k = -0*k - 3*a + 6. Suppose 2*g + 2*g - 36 = k. What is the units digit of g?
9
Let l(q) = -q**3 + 2*q**2 + q. Let s be l(2). Suppose 3 = -s*m + 7. Suppose -5*g - 20 = -0*y - m*y, 0 = -5*y + g + 27. What is the units digit of y?
5
Let d be (-13338)/63 + (-2)/7. What is the units digit of (-2)/(-1 + (-204)/d)?
3
Let m = 0 - -3. Let v be 6/m + 0 + -7. Let i = 14 + v. What is the units digit of i?
9
Let v(d) = -d**3 + 3*d**2 + 3*d - 2. Let q be (-4)/(-6) - 14/(-6). What is the units digit of v(q)?
7
Let x = 2 - -2. Suppose 3*h = x*h - 8. What is the units digit of 26/7 - h/(-28)?
4
What is the units digit of (-395)/(-25) + 1/5?
6
Suppose -3*s + 5*n + 55 = 0, 0*s = -s - n + 5. What is the units digit of (s/(-15))/((-1)/48)?
2
Let h(p) = 17*p**2 + 8*p + 7. What is the units digit of h(-3)?
6
What is the units digit of 30/(2 - 10/8)?
0
Let o(m) = m**3 + 3*m**2 - m - 5. Let u be o(-4). Let q = -11 - u. What is the units digit of q?
6
Let k = -7 + -8. What is the units digit of (6/9)/((-2)/k)?
5
Let f(k) = -k + 2. Let o be f(3). What is the units digit of (48 - 13) + o*1?
4
Suppose -2*o - 2*i = -5*o + 8, 13 = 3*o - i. What is the units digit of ((-2)/4)/((-1)/o)?
3
Let g(m) = -m**2 - 5*m + 3. Let i be g(-4). Let x be 2*(-1 + (-3)/(-6)). Let b = i - x. What is the units digit of b?
8
Let q(x) = x**3 - 6*x**2 + 4*x + 2. Let j be q(5). Let o = j + 6. What is the units digit of 1 - o/(9/(-6))?
3
Suppose -s = -3*s - 5*d + 23, d - 19 = -4*s. Suppose 20 = -s*l, f + 3 = 4*l + 36. What is the tens digit of f?
1
What is the tens digit of -3*3*(-6 + 3)?
2
Let t be ((0 + 1)/1)/1. Let n = 7 - t. What is the units digit of n?
6
Let n(x) = 17*x**3 + x. Let p be n(-1). Let o = 28 + p. What is the units digit of o?
0
Let y = 20 + -22. Let k = y - -14. What is the tens digit of k?
1
Let m be -5 + 2 - (-1 - 7). Let b(o) = o**3 - 4*o**2 - 6*o + 6. What is the units digit of b(m)?
1
Suppose 3*r + r - 340 = 0. What is the tens digit of r?
8
Let c be 3 - (2 - -2) - -51. Suppose -f - 2*r + 5 = 0, r + c = -f + 4*f. What is the units digit of f?
5
Let x be 4 + 6/3 + 0. Let d = x + -4. What is the units digit of d?
2
Let p(j) = j**2 - 7. What is the units digit of p(10)?
3
Let g be ((-1)/3)/((-3)/153). Suppose 0*b + b = g. What is the tens digit of b?
1
Let y = -19 - -83. What is the tens digit of y?
6
Let d(y) = 54*y - 76. What is the units digit of d(8)?
6
Let u(j) = -j + 2. Let d(g) = -g**2 + 2*g. Let c be d(3). What is the units digit of u(c)?
5
Let p be 62/10 + (-2)/10. Let w(q) = q**3 - 7*q**2 + 4*q + 7. Let m be w(p). What is the units digit of m*((-39)/15 + -1)?
8
Let i = 21 - -4. What is the units digit of i?
5
Suppose -5*w = 5*n - 30, 1 - 7 = -n + w. What is the units digit of 1/((-1)/(n*-3))?
8
What is the units digit of (4/12)/(38/18 - 2)?
3
Suppose k = 2*x - 48, -x + k + 12 = -14. What is the units digit of x?
2
Let q = -302 + 113. What is the units digit of q/(-14)*4/6?
9
Suppose 15 = 6*d - d. Suppose -d*r + 39 = 6. What is the tens digit of r?
1
Let c(t) = -t**3 + 7*t**2 - 3*t - 2. What is the tens digit of c(5)?
3
Suppose -j = -4*h + 14 - 1, -5*h + 16 = -j. Suppose -h*t - 5*l = -4*t + 35, 0 = -t - 3*l + 59. What is the tens digit of t?
5
Let q = -3 + 5. Suppose -3*v - q*v = 0. Suppose 5*p + 2*u = 2*p + 45, v = -5*p + u + 75. What is the units digit of p?
5
Suppose 3*l - 170 = -l + 3*q, -2*q - 209 = -5*l. What is the units digit of l?
1
Let w = 0 - 4. What is the units digit of -1 + 9 + 3 + w?
7
Let c(t) = 5*t**2 - 1 + 8*t**2 + 10*t**2. What is the units digit of c(1)?
2
What is the units digit of (-6)/10*(1 - 48*7)?
1
What is the hundreds digit of (-2776)/(-10) + (-26)/(-65)?
2
Let z(i) = -2*i + 1. Let r be 1*(3/1)/3. Let m be (-1)/1 + r + -2. What is the units digit of z(m)?
5
Suppose v - 2*f = -8, 4*f = 4*v - 2 + 14. Suppose -v*p - p = -39. What is the units digit of p?
3
Suppose -f = 3*k + 167, -4*k + 4*f = f + 227. What is the units digit of (k/(-12))/(4/18)?
1
Let a(m) = m**2 - 7*m + 13. Let l be a(6). Let b(s) = 2*s**2 - 11*s + 4. What is the tens digit of b(l)?
2
Let v = 11 + -5. Let x(m) = -m**2 + 2*m + 1. Let c(a) = a**2 - 3*a. Let w(d) = -5*c(d) - 4*x(d). What is the units digit of w(v)?
2
Let q = -29 - -21. Let x = q + 24. What is the units digit of x?
6
Let f(l) be the first derivative of -l**4/4 - 2*l**3/3 - l**2 - l + 1. Let p be f(-2). Suppose p = -j + 2*j. What is the units digit of j?
3
Suppose -5*n - n + 354 = 0. What is the units digit of n?
9
What is the tens digit of 68/(-2)*(0 - 66/12)?
8
Let n(x) = x**2 - 8*x + 2. Let d be n(8). Suppose 0 = s - d. What is the units digit of s?
2
Let m = -3 - -5. Let r(t) = t**2 + 0*t**3 + m*t**3 - 4*t**3. What is the units digit of r(-1)?
3
Let a = 6 - 5. Let y be a/2 + (-9)/(-6). Suppose y + 21 = 4*z - 3*v, z - 5*v - 27 = 0. What is the units digit of z?
2
Suppose u = -3*u - 2*x + 16, -2*x - 19 = -3*u. Suppose 66 = u*t - 4. What is the units digit of 8/(-28) + 242/t?
7
Let p = -14 - -23. Suppose -2*b = 27 + p. Let s = -7 - b. What is the units digit of s?
1
Let t = 110 - -222. What is the tens digit of t?
3
Let l = 2 + 4. Let z(y) = y**2 - 7*y + 3. Let j be z(l). What is the tens digit of (-6 - j) + 17 + -2?
1
Let l = 13 + -11. Suppose -4 - 6 = -l*a. What is the units digit of a?
5
Suppose 3*x = 0, -6*p = -3*p - 3*x. Suppose 3*j - 40 - 50 = p. What is the units digit of j?
0
Suppose 0 = -2*i - 5*o - 57 + 244, 25 = -5*o. Suppose 44 = 5*q - i. Suppose -4*d = d - q. What is the units digit of d?
6
Let g = -11 - -5. Let h(b) = -b**3 - 7*b**2 - 8*b - 6. Let o be h(g). Suppose 4*f - o = 3*f. What is the units digit of f?
6
Suppose 295 - 2275 = -10*t. What is the units digit of t?
8
Let o = -14 + 27. What is the tens digit of o?
1
Suppose 0 = z - 3*r, 2*r = z + r - 2. Let d(n) = n**3 - 2*n**2 - 4*n + 1. Let j be d(z). What is the units digit of j - (1 + -10 + 1)?
6
Suppose 0 = 2*o - 8, 0 = 4*c - 4*o + 2 + 2. Suppose -17 = 4*b + c, 5*j + 10 = -3*b. What is the tens digit of (-15)/3*-3*j?
1
Let r = -13 - -18. Suppose 0 = -2*n + 4*i + 10, -2*i = 3*n + 2*i - r. What is the units digit of n?
3
Let t(v) be the third der